, what is 117ba25b + 5?
117ba263
In base 13, what is -1 - 5522236?
-5522237
In base 8, what is -2413206154 + 4?
-2413206150
In base 15, what is -9372a + 1d2?
-93548
In base 3, what is 20200212111011 + -1212?
20200212102022
In base 4, what is -10001120120 + -10?
-10001120130
In base 11, what is -28530492 + -3?
-28530495
In base 13, what is -8316b7 + -304?
-8319bb
In base 16, what is -5567312 + -4?
-5567316
In base 14, what is -3 - 7718d8?
-7718db
In base 11, what is 27497 + 17493?
4397a
In base 9, what is 3451 + 1355?
4816
In base 13, what is -637cc + a6?
-63726
In base 12, what is -3777 - -1784?
-1bb3
In base 16, what is 3476 - 23f?
3237
In base 13, what is -12c5 - -431?
-b94
In base 9, what is -2722035 - -3?
-2722032
In base 6, what is -3 - 2403421112?
-2403421115
In base 9, what is -705 - -5418?
4613
In base 12, what is 176193 + -3?
176190
In base 12, what is 12a00 + a455?
21255
In base 15, what is -261e - 11c?
-273b
In base 3, what is 111010221200212 + 1?
111010221200220
In base 6, what is -4350 - -10231000?
10222210
In base 16, what is 209 + -3cef5?
-3ccec
In base 14, what is 71 - -580b8?
58149
In base 13, what is -32c813 + -5?
-32c818
In base 11, what is 2326 - 57828?
-55502
In base 4, what is 121010210002001 + 1?
121010210002002
In base 10, what is -4 + 4473248?
4473244
In base 16, what is -1 + -23fa54f?
-23fa550
In base 8, what is -624110 + -5?
-624115
In base 5, what is -2 + 112223323?
112223321
In base 6, what is 43232344 + -203?
43232141
In base 4, what is -13303122231 + 3031?
-13303113200
In base 8, what is 760547624 + 2?
760547626
In base 12, what is -7077508 + 1?
-7077507
In base 14, what is -8c2c4 + 5b?
-8c267
In base 10, what is -6532 + 52685?
46153
In base 14, what is -4 - -1669a3?
16699d
In base 5, what is -1321 - 12211131?
-12213002
In base 7, what is -142355655 - 21?
-142356006
In base 10, what is -7 - 2418174?
-2418181
In base 10, what is -11 + 1467819?
1467808
In base 16, what is 67b4 - -a?
67be
In base 16, what is 29c33 - c?
29c27
In base 4, what is 1213 + 30102331202?
30102333021
In base 15, what is 232b - -12e33?
1525e
In base 12, what is -1493b9 - -69?
-149350
In base 4, what is -1211 - 22230132?
-22232003
In base 14, what is 192b58a + 5a?
192b606
In base 13, what is -8 - -59a252?
59a247
In base 15, what is 5 + -deced2?
-dececc
In base 10, what is 12815 - 1263?
11552
In base 13, what is 1646026 - 1?
1646025
In base 11, what is 2894a661 + -1?
2894a660
In base 11, what is -3aa + -45a53?
-46352
In base 8, what is -51007 - 24?
-51033
In base 9, what is -4 + -206158474?
-206158478
In base 6, what is -22441205131 + 0?
-22441205131
In base 3, what is 11 - 20200000000011011?
-20200000000011000
In base 5, what is -243332420403 - -10?
-243332420343
In base 15, what is -e - 54c582?
-54c591
In base 13, what is 81 - c68?
-bb7
In base 2, what is -1011000110110111010 - -10111110101?
-1011000011111000101
In base 13, what is -1 + 5639c38?
5639c37
In base 10, what is 126343 - 206?
126137
In base 16, what is -3 - -4202cd?
4202ca
In base 13, what is -3 + -33827a8?
-33827ab
In base 14, what is 2 - 113b8d11?
-113b8d0d
In base 2, what is -11100000001110110011010 - -1011?
-11100000001110110001111
In base 6, what is -53 + 2111133?
2111040
In base 2, what is 11010001001 + -1001010000111110110?
-1001001101101101101
In base 4, what is -13012300222002 - -3?
-13012300221333
In base 5, what is -231104 + -1411402?
-2143011
In base 2, what is -101110001001010100 - 1001011011101?
-101111010100110001
In base 8, what is 17443 - 172?
17251
In base 5, what is -2210442110 - 3?
-2210442113
In base 12, what is -4342 + -8b7ab?
-93b31
In base 5, what is -230104 + 2411?
-222143
In base 6, what is 4142015 - 5355?
4132220
In base 14, what is 42 + -2069d?
-2065b
In base 11, what is 2 + -7a67491?
-7a6748a
In base 4, what is -1303030 - 3031?
-1312121
In base 15, what is 1c61d4 + 2?
1c61d6
In base 9, what is 2161442 + 63?
2161515
In base 2, what is -11100010100101010011 - -10011?
-11100010100101000000
In base 8, what is 0 + 1721560021?
1721560021
In base 2, what is -11010110000111 + 11010011100010?
-10100101
In base 8, what is 374217023 - -6?
374217031
In base 8, what is -1415043 + 3?
-1415040
In base 12, what is -b5 + 3159a5?
3158b0
In base 15, what is 3b1 - 143950?
-14358e
In base 9, what is -4 - -13316871?
13316866
In base 13, what is -97c335a + 15?
-97c3345
In base 12, what is -2 - 59b0b0?
-59b0b2
In base 7, what is -5434441 + -34?
-5434505
In base 4, what is -203 - -10023322203?
10023322000
In base 13, what is 1786 - -c20?
26a6
In base 16, what is -bc94 + 45c?
-b838
In base 11, what is 0 - 21178423?
-21178423
In base 12, what is -65679 + -2b?
-656a8
In base 15, what is -2d + d6a6c6?
d6a698
In base 13, what is 76545c - -17?
765476
In base 4, what is -33122 + 11111301?
11012113
In base 12, what is -5 + -43256b?
-432574
In base 3, what is 11102 + 221022021?
221110200
In base 14, what is a094 + -1c0?
9cb4
In base 4, what is -313 + -1201300330?
-1201301303
In base 6, what is 444353 + 5504?
454301
In base 7, what is -120412 + 561?
-116521
In base 6, what is -145312533 + -201?
-145313134
In base 12, what is 1 + 49053b33?
49053b34
In base 2, what is -11001111111110110010 + 11011?
-11001111111110010111
In base 7, what is 116363112 + -3?
116363106
In base 11, what is -8 + 1492098?
1492090
In base 2, what is 1101100001000 - -110111011?
1110011000011
In base 13, what is -4 + -2437a15?
-2437a19
In base 3, what is -2212002200000 + -11?
-2212002200011
In base 6, what is 3 - -3255320513?
3255320520
In base 12, what is -21 - 2a24a5?
-2a2506
In base 13, what is b925a + -157?
b9103
In base 4, what is -121033333 + 22?
-121033311
In base 4, what is 11 - 1231112232001?
-1231112231330
In base 9, what is -632 - -56?
-565
In base 16, what is d + -1008a?
-1007d
In base 5, what is 244002 - -12141?
311143
In base 10, what is -603 + -12313?
-12916
In base 3, what is -1101110020 - -11021112?
-1020011201
In base 9, what is -400 + -42743?
-43243
In base 14, what is -604c86 + 2?
-604c84
In base 14, what is 725b61 - 47?
725b18
In base 4, what is -3302122 + 210?
-3301312
In base 14, what is -90369c - 7?
-9036a5
In base 3, what is 10 + -20220010200211021?
-20220010200211011
In base 10, what is -19 - -1862455?
1862436
In base 7, what is -534 - -1422355?
1421521
In base 7, what is -22352215 + -5?
-22352223
In base 14, what is 2 + cd449?
cd44b
In base 2, what is -10111001111100111 - 10011?
-10111001111111010
In base 13, what is -135a286 - 1c?
-135a2a5
In base 2, what is -11 + 100010010000111011111111?
100010010000111011111100
In base 7, what is -250350 - -43515?
-203532
In base 11, what is -55911500 + -4?
-55911504
In base 10, what is 60 + -866936?
-866876
In base 14, what is 40003d - 2b?
400012
In base 11, what is -1007 + -25072?
-26079
In base 12, what is -762 + -3085?
-3827
In base 8, what is -6622471 - -5?
-6622464
In base 4, what is 22 - -111230022200?
111230022222
In base 12, what is 186409a99 - -4?
186409aa1
In base 5, what is -114 + 22422313?
22422144
In base 12, what is 1 - 77284?
-77283
In base 8, what is 17 + 2246674?
2246713
In base 2, what is -110 + -10110001110100101110011010?
-10110001110100101110100000
In base 14, what is 94 + 1c1135?
1c11c9
In base 7, what is 2 + 25334130?
25334132
In base 16, what is -b1e - 15d1?
-20ef
In base 16, what is 25793a9 + 3?
25793ac
In base 8, what is -4046 - 37?
-4105
In base 15, what is 27aca87 - -4?
27aca8b
In base 5, what is 13 - -23314321?
23314334
In base 14, what is 45 + -1dda3c?
-1dd9d7
In base 6, what is -405533 - -3144?
-402345
In base 3, what is 1222202022221202 - 12?
1222202022221120
In base 3, what is 10 - 21202002222201110?
-21202002222201100
In base 14, what is ac978b + 2?
ac978d
In base 12, what is 149 - -561606?
561753
In base 12, what is 2 - 371590?
-37158a
In base 4, what is -1323232 - 23000?
-2012232
In base 15, what is -4da563 + 0?
-4da563
In base 2, what is -11110111100111100011101001 - -110?
-11110111100111100011100011
In base 2, what is 1000011 - 100110010011001111011?
-100110010011000111000
In base 7, what is -63250016 - -5?
-63250011
In base 9, what is -14887430 - 16?
-14887446
In base 7, what is 2042 + -321243?
-316201
In base 11, what is 0 + 76a55018?
76a55018
In base 7, what is -1223 + -3521364?
-3522620
In base 11, what is